
741
What is the greatest common divisor of 77 and 3647?
7
Calculate the highest common divisor of 14 and 501270.
14
Calculate the highest common factor of 345 and 128685.
345
What is the greatest common divisor of 5721560 and 20?
20
Calculate the greatest common divisor of 649 and 359546.
649
Calculate the greatest common factor of 16819 and 139.
139
Calculate the highest common divisor of 456 and 146592.
24
Calculate the highest common divisor of 228 and 23028.
228
What is the highest common divisor of 3301175 and 25?
25
Calculate the greatest common factor of 130728 and 208.
104
Calculate the greatest common divisor of 88 and 3270080.
88
What is the greatest common factor of 42546 and 3?
3
What is the highest common factor of 74979 and 27?
27
What is the greatest common divisor of 57664 and 636?
212
Calculate the greatest common divisor of 3654 and 1008.
126
What is the highest common factor of 21065 and 1925?
55
What is the highest common divisor of 93 and 6540876?
93
What is the highest common factor of 450 and 2591775?
225
Calculate the highest common factor of 3 and 383.
1
Calculate the greatest common divisor of 1505 and 27895.
35
Calculate the greatest common factor of 6084 and 25716.
12
What is the greatest common factor of 8060 and 16250?
130
What is the highest common factor of 288478 and 388?
194
Calculate the greatest common factor of 14136 and 391704.
456
What is the highest common factor of 678 and 14690?
226
What is the greatest common factor of 4712558 and 174?
58
Calculate the greatest common factor of 52272 and 4968.
216
Calculate the highest common factor of 4304763 and 3492.
873
What is the highest common divisor of 329 and 6439?
47
Calculate the greatest common factor of 3200 and 50.
50
What is the greatest common factor of 4371 and 22816?
31
Calculate the greatest common factor of 2015 and 877920.
155
Calculate the highest common divisor of 17 and 619.
1
Calculate the greatest common factor of 5780 and 327148.
1156
Calculate the highest common divisor of 232 and 1653.
29
Calculate the highest common factor of 2083379 and 7256.
907
Calculate the greatest common factor of 1140 and 1824.
228
Calculate the greatest common factor of 111433 and 7.
7
Calculate the highest common factor of 11950 and 1400.
50
Calculate the highest common divisor of 1228502 and 2508.
418
What is the greatest common divisor of 2178 and 8833?
121
Calculate the highest common factor of 1023 and 10472.
11
Calculate the greatest common divisor of 130810 and 13390.
1030
What is the highest common factor of 2115 and 945?
45
What is the greatest common divisor of 112 and 2415?
7
What is the greatest common factor of 69 and 24?
3
Calculate the greatest common divisor of 28923 and 78061.
311
What is the highest common factor of 1054 and 209542?
34
Calculate the greatest common factor of 10780 and 517.
11
What is the greatest common factor of 174872 and 496?
8
What is the highest common divisor of 8160 and 536928?
1632
What is the highest common divisor of 99 and 29887?
11
What is the highest common divisor of 32 and 2704?
16
What is the highest common divisor of 86255 and 325?
65
What is the greatest common factor of 598 and 6846203?
299
Calculate the greatest common factor of 254 and 324358.
254
Calculate the highest common factor of 1145 and 4036583.
229
What is the greatest common divisor of 1547 and 11050?
221
What is the greatest common factor of 9027 and 29736?
531
What is the greatest common divisor of 794332 and 44?
44
What is the highest common divisor of 645 and 23091?
129
Calculate the highest common divisor of 1975 and 22910.
395
Calculate the greatest common factor of 102684 and 4128.
516
Calculate the greatest common divisor of 6284 and 2911063.
1571
What is the greatest common divisor of 17485 and 715?
65
Calculate the greatest common factor of 347881 and 2648.
331
Calculate the highest common factor of 123 and 357807.
123
Calculate the greatest common factor of 42824 and 17384.
424
What is the highest common divisor of 22544 and 12?
4
What is the highest common divisor of 322958 and 434?
62
What is the greatest common divisor of 25357 and 9?
1
Calculate the highest common divisor of 90 and 1295235.
45
Calculate the highest common factor of 72680 and 20.
20
Calculate the greatest common factor of 438 and 1110.
6
What is the greatest common divisor of 3051 and 297?
27
Calculate the greatest common divisor of 140392 and 763.
763
Calculate the greatest common factor of 89 and 114543.
89
Calculate the highest common divisor of 314130 and 5550.
1110
What is the highest common divisor of 155598 and 66?
6
What is the highest common factor of 47158 and 136?
34
Calculate the highest common divisor of 3696 and 9394.
154
What is the highest common factor of 106 and 205375?
53
Calculate the greatest common divisor of 222978 and 252.
42
What is the greatest common divisor of 143 and 1915524?
13
What is the greatest common divisor of 21892464 and 561?
561
What is the greatest common factor of 505 and 1461975?
505
Calculate the highest common factor of 2268 and 17172.
324
Calculate the greatest common divisor of 645 and 207405.
15
Calculate the highest common divisor of 1428 and 14763.
21
What is the highest common factor of 411648 and 864?
96
What is the greatest common divisor of 5 and 1830590?
5
Calculate the highest common divisor of 80091 and 99.
99
What is the highest common factor of 501588 and 144?
36
Calculate the greatest common factor of 432 and 13008.
48
Calculate the highest common factor of 2480 and 249520.
80
What is the greatest common divisor of 25095 and 385?
35
What is the highest common divisor of 1458 and 97794?
54
Calculate the greatest common factor of 1 and 53868.
1
Calculate the highest common factor of 4818 and 286.
22
What is the highest common divisor of 104 and 42796?
52
What is the greatest common factor of 147 and 1112398?
49
Calculate the greatest common divisor of 2 and 79766.
2
What is the highest common divisor of 96 and 9813?
3
What is the highest common factor of 9 and 5331?
3
What is the greatest common divisor of 1430 and 12980?
110
What is the greatest common factor of 1110656 and 80?
16
Calculate the highest common divisor of 166030 and 10.
10
Calculate the greatest common divisor of 322 and 58177.
7
What is the greatest common divisor of 228 and 71516?
76
What is the greatest common factor of 2502 and 4448?
278
What is the highest common factor of 321349 and 812?
203
Calculate the highest common divisor of 3168 and 147114.
198
What is the greatest common divisor of 9629838 and 3438?
3438
What is the highest common divisor of 108 and 216918?
54
What is the greatest common factor of 22572 and 1346004?
1188
Calculate the highest common divisor of 185768 and 440.
88
Calculate the greatest common divisor of 50 and 2510.
10
Calculate the highest common divisor of 657 and 1105877.
73
Calculate the highest common divisor of 893 and 21009.
47
Calculate the greatest common factor of 562685 and 19.
19
What is the greatest common factor of 464 and 4392688?
464
What is the greatest common factor of 425 and 71944?
17
What is the greatest common divisor of 2156 and 1198148?
196
Calculate the greatest common factor of 2515 and 85.
5
What is the greatest common factor of 7296 and 2622?
114
Calculate the greatest common factor of 2340 and 319740.
60
What is the highest common factor of 238206 and 348?
174
Calculate the highest common factor of 9 and 1560420.
9
What is the highest common factor of 49608 and 31512?
312
Calculate the highest common factor of 12035 and 5075.
145
Calculate the greatest common factor of 26 and 3329534.
26
What is the greatest common divisor of 26446 and 6?
2
What is the highest common factor of 320 and 66176?
64
Calculate the greatest common divisor of 2112690 and 30.
30
What is the highest common divisor of 232 and 14036?
116
Calculate the greatest common divisor of 66 and 36476.
22
What is the highest common factor of 1110078 and 21411?
1647
Calculate the highest common divisor of 26024 and 32.
8
What is the greatest common divisor of 5540 and 160?
20
Calculate the highest common divisor of 2050 and 203401.
41
Calculate the greatest common divisor of 320 and 3508.
4
Calculate the greatest common fa